 s is divided by 77/3 + 2/6?
25
Suppose 5*i - 4 = 131. Let v = i + -16. Calculate the remainder when 31 is divided by v.
9
Calculate the remainder when 49 is divided by (-14)/(-2) - (1 - 4).
9
Suppose -z + 1 + 6 = -2*v, -z - 2*v - 13 = 0. Let o = z + 11. What is the remainder when 23 is divided by o?
7
Let n(j) = -j + 2. Let o be (4/(-8))/((-1)/4). Let w(y) = 2*y**3 - 3*y**2. Calculate the remainder when n(-4) is divided by w(o).
2
Suppose -65 = -7*z + 2*z. Suppose y + 2*k = z, -2*y + 5*k - 34 = -5*y. What is the remainder when 12 is divided by y?
0
Let s(v) = 3*v + 1. Let n be s(-2). Let j = n + 14. Calculate the remainder when 35 is divided by j.
8
Let n be (-4)/(((-2)/13)/2). Suppose n = k + 3*l, 3*k - 4*l + 28 - 119 = 0. Calculate the remainder when k is divided by (-1)/(-3) - (-38)/3.
11
Let b = 8 + -6. Calculate the remainder when 13 is divided by ((-14)/(-5))/(b/5).
6
Suppose 1374 = 22*f + 428. Calculate the remainder when f is divided by 15.
13
Suppose -n + 2*g = -3*n + 8, 5*g - 10 = -3*n. Suppose -3 = -3*k + n*p + 1, 4*p = 3*k - 5. Suppose 1 = k*a - 41. Calculate the remainder when a is divided by 5.
4
Suppose -14 = 4*l - 6. Let r be (-27)/l*(-30)/9. Let v = -20 - r. What is the remainder when v is divided by 14?
11
Suppose q = a - 18, 47 = -5*a + 4*q + 135. Suppose 0 = 5*b - a - 24. What is the remainder when b is divided by 3?
2
Suppose -2*s + 32 = -6*s. Let l be (-170)/s - (-1)/(-4). Let u = l - 2. Calculate the remainder when u is divided by 7.
5
Let z(t) = -t**3 + 14*t**2 - t + 28. Calculate the remainder when 83 is divided by z(14).
13
Let o(g) = -g**3 + 10*g**2 - 10*g. Let i be o(9). Let k = -6 + i. What is the remainder when 29 is divided by 228/15 + 3/k?
14
Let s = 13 + -4. Calculate the remainder when 23 is divided by s.
5
Calculate the remainder when 25/150 + 370/12 is divided by 11.
9
Let o(g) = 19*g - 3. Suppose -5*d + 3*u + 86 = 0, 0 = 3*d - 5*u - 22 - 20. What is the remainder when o(2) is divided by d?
16
Suppose -1 = s + 5. Let m = s - -13. Suppose 2*l = r + 23, -1 = -3*r + 8. Calculate the remainder when l is divided by m.
6
Suppose 0 = w + 4*w - 60. Suppose 7 = -d + 3*s, 2*s + 31 - 1 = 5*d. Let p = d + 27. What is the remainder when p is divided by w?
11
Suppose 2*h - 5*r - 57 = 0, -3*h + 31 = -2*h - 3*r. Calculate the remainder when 46 is divided by h.
14
Let t = 32 - 8. Let r = t + -16. What is the remainder when 15 is divided by r?
7
Suppose 0 = -3*i + 4*t + 204, 4*i + 2*t - 244 = -2*t. Calculate the remainder when i is divided by 22.
20
Let l be (5 - 3) + -1 + 2. Suppose -12 = 3*a + l. Calculate the remainder when 8 is divided by ((a*2)/(-1))/2.
3
Let s(n) = -10*n - 50. Suppose -c + 3*b + 41 = 2*b, -5*b - 168 = -4*c. What is the remainder when c is divided by s(-7)?
17
Let t = 68 - -4. What is the remainder when t is divided by 1390/55 - (-9)/(-33)?
22
Calculate the remainder when 41 is divided by 30*(-2 - (-5)/2).
11
Let s(p) = 15*p**3 + p - 1. Let m = -4 + 8. What is the remainder when s(1) is divided by m/((5/(-2))/(-5))?
7
Suppose 4*g = -2*y + 10, -15 = -3*y - 3*g + 4*g. Let h(n) = 7*n - 3. Suppose -3*d + 28 + 5 = 0. What is the remainder when h(y) is divided by d?
10
Let g = 91 + -21. Let s be 3/((-6)/g)*-1. Suppose -20 - s = -n. What is the remainder when n is divided by 19?
17
Let h be -2 + 2 + -2 + 5. Suppose p - a = 4*p + 29, 5*p = -h*a - 47. What is the remainder when (p/(-2))/((-1)/(-2)) is divided by 4?
2
Let s(t) = t**2 - t + 21. Suppose 13 = -2*k - 5*n, 2*k + n = 3*n + 22. What is the remainder when s(0) is divided by k?
3
Let t(w) = -w**2 + 8*w - 4. Let c be t(8). Let s(n) = 2*n**2 + 3*n + 5. What is the remainder when s(c) is divided by 9?
7
Let k = -31 - -52. Calculate the remainder when k is divided by 14.
7
Let z(c) = -c**3 + c**2 + 2*c - 1. Let d(g) = -g**3 - 1. Let t(b) = -2*d(b) - z(b). What is the remainder when t(2) is divided by 7?
5
Let t(j) = 18*j - 10. Suppose 0 = 2*p + 2*p - 16. What is the remainder when t(p) is divided by 21?
20
Let j = 46 - 24. What is the remainder when j is divided by 20/3 + 2/(-3)?
4
What is the remainder when 27 is divided by ((-60)/(-16))/5*20?
12
Suppose 0 = 3*a - 3*s - 39, 4*a - 4*s = 6*a + 4. What is the remainder when 28 is divided by a?
4
What is the remainder when 19 is divided by ((-7)/(-2))/(1/2)?
5
Let i(f) = 6*f + 4. Suppose 0 = 3*c - 5*c + 132. What is the remainder when c is divided by i(5)?
32
Suppose 2*g + 3*s = 89, 0 = 5*g - 2*s - s - 254. Calculate the remainder when g is divided by 10.
9
Let a(p) = 4*p**2 - 6*p + 1. Suppose 11 = 5*r - 9. What is the remainder when a(r) is divided by 22?
19
Suppose -m + 50 = 4*m. Suppose -5*b = -3*z - 175, -4*b - 4*z = 13 - 185. What is the remainder when b is divided by m?
8
Let x be (-38)/(-4) - (-4)/8. Suppose q - x = -3*u, 5*q - u = -4*u + 110. What is the remainder when q is divided by 2/(-5) + 141/15?
7
Let b = 6 + -1. Suppose b = 2*g + 3. Suppose -2*s + 1 + 3 = 0. What is the remainder when s is divided by g?
0
Suppose t - 10 = -5*v, -5*v = 3*t - 1 - 19. Suppose 0 = 3*k - x - 37, k - t*x = -3*k + 64. What is the remainder when 41 is divided by k?
8
Let u = 8 + 1. Suppose 0 = 2*s - 2*d + 10, -3*d = -0*s + 2*s. Let f(c) = -c**3 + c**2 + 4*c + 1. Calculate the remainder when f(s) is divided by u.
7
Let h(m) = -2*m + 2. Suppose 3*i - 5*c - 40 = -2*i, 0 = -3*i - 5*c - 16. Suppose 58 = 5*v - i*v. What is the remainder when v is divided by h(-4)?
9
Let i(m) = -2*m - 4. What is the remainder when (-18)/(-3) + 3 + 1 is divided by i(-5)?
4
Suppose k = 6*k - 50. Let n = -27 - -45. What is the remainder when n is divided by k?
8
Suppose -3*d - b + 33 = -2*d, 5*b + 52 = 2*d. Calculate the remainder when d is divided by 11.
9
Suppose 0 = 5*c - y - 575, 460 + 0 = 4*c + 3*y. Calculate the remainder when c is divided by 29.
28
Let n = 129 - 80. Calculate the remainder when n is divided by 26.
23
Let j(m) = 2*m**2 + m - 6. Let t(q) = -q**3 - 11*q**2 - 31*q - 34. What is the remainder when j(-7) is divided by t(-8)?
19
Let a(h) = h**3 - 13*h**2 - h + 17. Suppose 0*i - 4*w - 13 = -i, -3*i = 5*w - 39. What is the remainder when a(i) is divided by 4?
0
Let u be 4/(-1) - 2/2. Let m(l) = l**3 + 7*l**2 + 4*l - 1. What is the remainder when m(u) is divided by 8?
5
Suppose -11 = -4*l + 53. What is the remainder when l is divided by (-4 - -3)*(-18)/2?
7
Let u(d) be the second derivative of -d**5/20 + 5*d**4/12 + 3*d**2/2 - 3*d. Calculate the remainder when 5 is divided by u(5).
2
Let u(f) = f + 28. Calculate the remainder when 58 is divided by u(-7).
16
Calculate the remainder when 18 is divided by (-4)/(-18) - (-366)/54.
4
Let w(s) = s**2 - 5*s + 11. What is the remainder when w(9) is divided by 12?
11
Suppose h + 9 - 35 = 0. What is the remainder when h is divided by 8?
2
Let b = -2 - -21. Suppose 2*s - 152 = -3*w, 3*w + 0*s + s = 157. What is the remainder when w is divided by b?
16
Suppose 6*r - 8*r = -62. Calculate the remainder when r is divided by 13.
5
Suppose u = -u + 12. Calculate the remainder when u is divided by 2.
0
Let m = 19 - 33. Let x be 0 + 5/(5/m). Let q = x - -21. What is the remainder when 19 is divided by q?
5
What is the remainder when 10 is divided by 4/(-26) - 168/(-78)?
0
Let k(n) = -n**3 - 5*n**2 - 5*n - 1. What is the remainder when 129 is divided by k(-6)?
64
Suppose 2*c + 3*k - 32 = 0, 3*k - 16 = -4. Suppose -2*b - 29 = 3*r, 2*r + b = -3*b - 30. Let d = c + r. Calculate the remainder when 7 is divided by d.
1
Let q = -83 + 136. Calculate the remainder when q is divided by 11.
9
Calculate the remainder when 35/((-3)/(-2 + -1)) is divided by 19.
16
Let p = -4 + 5. Calculate the remainder when 45 is divided by (p - -10 - -1)*1.
9
Suppose -3*a - 2*t + 18 = 0, -2 = -a + 3*t + 4. Let q be a/(-21) - 19/7. What is the remainder when 23 is divided by (((-36)/(-1))/q)/(-1)?
11
Suppose 0 = 4*l - 5*p - 74 + 2, -57 = -5*l - 2*p. What is the remainder when l is divided by 9?
4
Let w(u) = -u**3 - 9*u**2 - 9*u + 5. Suppose -2*c - 2*x + 7*x - 31 = 0, -x + 27 = -3*c. What is the remainder when w(c) is divided by 8?
5
Let r(z) = -z**2 - 13*z - 3. What is the remainder when r(-12) is divided by 5*(-11 - -14 - 2*1)?
4
Suppose 15*j = 7*j + 480. What is the remainder when j is divided by 16?
12
Let m(d) = -18*d + 1. S